{"id":1908,"date":"2026-03-23T10:50:00","date_gmt":"2026-03-23T08:50:00","guid":{"rendered":"https:\/\/www.work-now.eu\/ponuky\/care-assistant-opatrovatel-ka-seniorov-v-opatrovatelskom-dome-irsko-5\/"},"modified":"2026-03-27T12:05:48","modified_gmt":"2026-03-27T10:05:48","slug":"care-assistant-opatrovatel-ka-seniorov-v-opatrovatelskom-dome-irsko-5","status":"publish","type":"ponuky","link":"https:\/\/www.work-now.eu\/cs\/nabidky\/care-assistant-opatrovatel-ka-seniorov-v-opatrovatelskom-dome-irsko-5\/","title":{"rendered":"Social Care Worker &#8211; Soci\u00e1ln\u00ed pracovn\u00edk v pe\u010dovatelsk\u00e9m dom\u011b IRSKO"},"content":{"rendered":"\n<p>Poskytov\u00e1n\u00ed soci\u00e1ln\u00ed p\u00e9\u010de pacient\u016fm v pe\u010dovatelsk\u00e9m dom\u011b s diagn\u00f3zami jako &#8222;Intellectual<br>disabilities, autism, acquired brain injuries, mental health difficulties&#8220;<\/p>\n\n\n\n<p><\/p>\n","protected":false},"excerpt":{"rendered":"<p>Poskytov\u00e1n\u00ed soci\u00e1ln\u00ed p\u00e9\u010de pacient\u016fm v pe\u010dovatelsk\u00e9m dom\u011b s diagn\u00f3zami jako &#8222;Intellectualdisabilities, autism, acquired brain injuries, mental health difficulties&#8220;<\/p>\n","protected":false},"author":1,"featured_media":1903,"template":"","class_list":["post-1908","ponuky","type-ponuky","status-publish","has-post-thumbnail","hentry","necervensie"],"acf":[],"yoast_head":"<!-- This site is optimized with the Yoast SEO plugin v26.1.1 - https:\/\/yoast.com\/wordpress\/plugins\/seo\/ -->\n<title>Social Care Worker - Soci\u00e1ln\u00ed pracovn\u00edk v pe\u010dovatelsk\u00e9m dom\u011b IRSKO &#8212; Work now!<\/title>\n<meta name=\"robots\" content=\"index, follow, max-snippet:-1, max-image-preview:large, max-video-preview:-1\" \/>\n<meta property=\"og:locale\" content=\"cs_CZ\" \/>\n<meta property=\"og:type\" content=\"article\" \/>\n<meta property=\"og:title\" content=\"Social Care Worker - Soci\u00e1ln\u00ed pracovn\u00edk v pe\u010dovatelsk\u00e9m dom\u011b IRSKO &#8212; Work now!\" \/>\n<meta property=\"og:description\" content=\"Poskytov\u00e1n\u00ed soci\u00e1ln\u00ed p\u00e9\u010de pacient\u016fm v pe\u010dovatelsk\u00e9m dom\u011b s diagn\u00f3zami jako &#8222;Intellectualdisabilities, autism, acquired brain injuries, mental health difficulties&#8220;\" \/>\n<meta property=\"og:url\" content=\"https:\/\/www.work-now.eu\/cs\/nabidky\/care-assistant-opatrovatel-ka-seniorov-v-opatrovatelskom-dome-irsko-5\/\" \/>\n<meta property=\"og:site_name\" content=\"Work now!\" \/>\n<meta property=\"article:modified_time\" content=\"2026-03-27T10:05:48+00:00\" \/>\n<meta property=\"og:image\" content=\"https:\/\/www.work-now.eu\/wp-content\/uploads\/2022\/02\/Brookfield.jpg\" \/>\n\t<meta property=\"og:image:width\" content=\"275\" \/>\n\t<meta property=\"og:image:height\" content=\"183\" \/>\n\t<meta property=\"og:image:type\" content=\"image\/jpeg\" \/>\n<meta name=\"twitter:card\" content=\"summary_large_image\" \/>\n<meta name=\"twitter:label1\" content=\"Odhadovan\u00e1 doba \u010dten\u00ed\" \/>\n\t<meta name=\"twitter:data1\" content=\"1 minuta\" \/>\n<script type=\"application\/ld+json\" class=\"yoast-schema-graph\">{\"@context\":\"https:\/\/schema.org\",\"@graph\":[{\"@type\":\"WebPage\",\"@id\":\"https:\/\/www.work-now.eu\/cs\/nabidky\/care-assistant-opatrovatel-ka-seniorov-v-opatrovatelskom-dome-irsko-5\/\",\"url\":\"https:\/\/www.work-now.eu\/cs\/nabidky\/care-assistant-opatrovatel-ka-seniorov-v-opatrovatelskom-dome-irsko-5\/\",\"name\":\"Social Care Worker - Soci\u00e1ln\u00ed pracovn\u00edk v pe\u010dovatelsk\u00e9m dom\u011b IRSKO &#8212; Work now!\",\"isPartOf\":{\"@id\":\"https:\/\/www.work-now.eu\/cs\/#website\"},\"primaryImageOfPage\":{\"@id\":\"https:\/\/www.work-now.eu\/cs\/nabidky\/care-assistant-opatrovatel-ka-seniorov-v-opatrovatelskom-dome-irsko-5\/#primaryimage\"},\"image\":{\"@id\":\"https:\/\/www.work-now.eu\/cs\/nabidky\/care-assistant-opatrovatel-ka-seniorov-v-opatrovatelskom-dome-irsko-5\/#primaryimage\"},\"thumbnailUrl\":\"https:\/\/www.work-now.eu\/wp-content\/uploads\/2022\/02\/Brookfield.jpg\",\"datePublished\":\"2026-03-23T08:50:00+00:00\",\"dateModified\":\"2026-03-27T10:05:48+00:00\",\"breadcrumb\":{\"@id\":\"https:\/\/www.work-now.eu\/cs\/nabidky\/care-assistant-opatrovatel-ka-seniorov-v-opatrovatelskom-dome-irsko-5\/#breadcrumb\"},\"inLanguage\":\"cs\",\"potentialAction\":[{\"@type\":\"ReadAction\",\"target\":[\"https:\/\/www.work-now.eu\/cs\/nabidky\/care-assistant-opatrovatel-ka-seniorov-v-opatrovatelskom-dome-irsko-5\/\"]}]},{\"@type\":\"ImageObject\",\"inLanguage\":\"cs\",\"@id\":\"https:\/\/www.work-now.eu\/cs\/nabidky\/care-assistant-opatrovatel-ka-seniorov-v-opatrovatelskom-dome-irsko-5\/#primaryimage\",\"url\":\"https:\/\/www.work-now.eu\/wp-content\/uploads\/2022\/02\/Brookfield.jpg\",\"contentUrl\":\"https:\/\/www.work-now.eu\/wp-content\/uploads\/2022\/02\/Brookfield.jpg\",\"width\":275,\"height\":183},{\"@type\":\"BreadcrumbList\",\"@id\":\"https:\/\/www.work-now.eu\/cs\/nabidky\/care-assistant-opatrovatel-ka-seniorov-v-opatrovatelskom-dome-irsko-5\/#breadcrumb\",\"itemListElement\":[{\"@type\":\"ListItem\",\"position\":1,\"name\":\"Home\",\"item\":\"https:\/\/www.work-now.eu\/cs\/\"},{\"@type\":\"ListItem\",\"position\":2,\"name\":\"Aktu\u00e1ln\u00ed nab\u00eddky\",\"item\":\"https:\/\/www.work-now.eu\/cs\/nabidky\/\"},{\"@type\":\"ListItem\",\"position\":3,\"name\":\"Social Care Worker &#8211; Soci\u00e1ln\u00ed pracovn\u00edk v pe\u010dovatelsk\u00e9m dom\u011b IRSKO\"}]},{\"@type\":\"WebSite\",\"@id\":\"https:\/\/www.work-now.eu\/cs\/#website\",\"url\":\"https:\/\/www.work-now.eu\/cs\/\",\"name\":\"Work now!\",\"description\":\"Employment agency\",\"publisher\":{\"@id\":\"https:\/\/www.work-now.eu\/cs\/#organization\"},\"potentialAction\":[{\"@type\":\"SearchAction\",\"target\":{\"@type\":\"EntryPoint\",\"urlTemplate\":\"https:\/\/www.work-now.eu\/cs\/?s={search_term_string}\"},\"query-input\":{\"@type\":\"PropertyValueSpecification\",\"valueRequired\":true,\"valueName\":\"search_term_string\"}}],\"inLanguage\":\"cs\"},{\"@type\":\"Organization\",\"@id\":\"https:\/\/www.work-now.eu\/cs\/#organization\",\"name\":\"IFNE Slovakia s.r.o.\",\"url\":\"https:\/\/www.work-now.eu\/cs\/\",\"logo\":{\"@type\":\"ImageObject\",\"inLanguage\":\"cs\",\"@id\":\"https:\/\/www.work-now.eu\/cs\/#\/schema\/logo\/image\/\",\"url\":\"https:\/\/www.work-now.eu\/wp-content\/uploads\/2018\/05\/logo.png\",\"contentUrl\":\"https:\/\/www.work-now.eu\/wp-content\/uploads\/2018\/05\/logo.png\",\"width\":748,\"height\":113,\"caption\":\"IFNE Slovakia s.r.o.\"},\"image\":{\"@id\":\"https:\/\/www.work-now.eu\/cs\/#\/schema\/logo\/image\/\"}}]}<\/script>\n<!-- \/ Yoast SEO plugin. -->","yoast_head_json":{"title":"Social Care Worker - Soci\u00e1ln\u00ed pracovn\u00edk v pe\u010dovatelsk\u00e9m dom\u011b IRSKO &#8212; Work now!","robots":{"index":"index","follow":"follow","max-snippet":"max-snippet:-1","max-image-preview":"max-image-preview:large","max-video-preview":"max-video-preview:-1"},"og_locale":"cs_CZ","og_type":"article","og_title":"Social Care Worker - Soci\u00e1ln\u00ed pracovn\u00edk v pe\u010dovatelsk\u00e9m dom\u011b IRSKO &#8212; Work now!","og_description":"Poskytov\u00e1n\u00ed soci\u00e1ln\u00ed p\u00e9\u010de pacient\u016fm v pe\u010dovatelsk\u00e9m dom\u011b s diagn\u00f3zami jako &#8222;Intellectualdisabilities, autism, acquired brain injuries, mental health difficulties&#8220;","og_url":"https:\/\/www.work-now.eu\/cs\/nabidky\/care-assistant-opatrovatel-ka-seniorov-v-opatrovatelskom-dome-irsko-5\/","og_site_name":"Work now!","article_modified_time":"2026-03-27T10:05:48+00:00","og_image":[{"width":275,"height":183,"url":"https:\/\/www.work-now.eu\/wp-content\/uploads\/2022\/02\/Brookfield.jpg","type":"image\/jpeg"}],"twitter_card":"summary_large_image","twitter_misc":{"Odhadovan\u00e1 doba \u010dten\u00ed":"1 minuta"},"schema":{"@context":"https:\/\/schema.org","@graph":[{"@type":"WebPage","@id":"https:\/\/www.work-now.eu\/cs\/nabidky\/care-assistant-opatrovatel-ka-seniorov-v-opatrovatelskom-dome-irsko-5\/","url":"https:\/\/www.work-now.eu\/cs\/nabidky\/care-assistant-opatrovatel-ka-seniorov-v-opatrovatelskom-dome-irsko-5\/","name":"Social Care Worker - Soci\u00e1ln\u00ed pracovn\u00edk v pe\u010dovatelsk\u00e9m dom\u011b IRSKO &#8212; Work now!","isPartOf":{"@id":"https:\/\/www.work-now.eu\/cs\/#website"},"primaryImageOfPage":{"@id":"https:\/\/www.work-now.eu\/cs\/nabidky\/care-assistant-opatrovatel-ka-seniorov-v-opatrovatelskom-dome-irsko-5\/#primaryimage"},"image":{"@id":"https:\/\/www.work-now.eu\/cs\/nabidky\/care-assistant-opatrovatel-ka-seniorov-v-opatrovatelskom-dome-irsko-5\/#primaryimage"},"thumbnailUrl":"https:\/\/www.work-now.eu\/wp-content\/uploads\/2022\/02\/Brookfield.jpg","datePublished":"2026-03-23T08:50:00+00:00","dateModified":"2026-03-27T10:05:48+00:00","breadcrumb":{"@id":"https:\/\/www.work-now.eu\/cs\/nabidky\/care-assistant-opatrovatel-ka-seniorov-v-opatrovatelskom-dome-irsko-5\/#breadcrumb"},"inLanguage":"cs","potentialAction":[{"@type":"ReadAction","target":["https:\/\/www.work-now.eu\/cs\/nabidky\/care-assistant-opatrovatel-ka-seniorov-v-opatrovatelskom-dome-irsko-5\/"]}]},{"@type":"ImageObject","inLanguage":"cs","@id":"https:\/\/www.work-now.eu\/cs\/nabidky\/care-assistant-opatrovatel-ka-seniorov-v-opatrovatelskom-dome-irsko-5\/#primaryimage","url":"https:\/\/www.work-now.eu\/wp-content\/uploads\/2022\/02\/Brookfield.jpg","contentUrl":"https:\/\/www.work-now.eu\/wp-content\/uploads\/2022\/02\/Brookfield.jpg","width":275,"height":183},{"@type":"BreadcrumbList","@id":"https:\/\/www.work-now.eu\/cs\/nabidky\/care-assistant-opatrovatel-ka-seniorov-v-opatrovatelskom-dome-irsko-5\/#breadcrumb","itemListElement":[{"@type":"ListItem","position":1,"name":"Home","item":"https:\/\/www.work-now.eu\/cs\/"},{"@type":"ListItem","position":2,"name":"Aktu\u00e1ln\u00ed nab\u00eddky","item":"https:\/\/www.work-now.eu\/cs\/nabidky\/"},{"@type":"ListItem","position":3,"name":"Social Care Worker &#8211; Soci\u00e1ln\u00ed pracovn\u00edk v pe\u010dovatelsk\u00e9m dom\u011b IRSKO"}]},{"@type":"WebSite","@id":"https:\/\/www.work-now.eu\/cs\/#website","url":"https:\/\/www.work-now.eu\/cs\/","name":"Work now!","description":"Employment agency","publisher":{"@id":"https:\/\/www.work-now.eu\/cs\/#organization"},"potentialAction":[{"@type":"SearchAction","target":{"@type":"EntryPoint","urlTemplate":"https:\/\/www.work-now.eu\/cs\/?s={search_term_string}"},"query-input":{"@type":"PropertyValueSpecification","valueRequired":true,"valueName":"search_term_string"}}],"inLanguage":"cs"},{"@type":"Organization","@id":"https:\/\/www.work-now.eu\/cs\/#organization","name":"IFNE Slovakia s.r.o.","url":"https:\/\/www.work-now.eu\/cs\/","logo":{"@type":"ImageObject","inLanguage":"cs","@id":"https:\/\/www.work-now.eu\/cs\/#\/schema\/logo\/image\/","url":"https:\/\/www.work-now.eu\/wp-content\/uploads\/2018\/05\/logo.png","contentUrl":"https:\/\/www.work-now.eu\/wp-content\/uploads\/2018\/05\/logo.png","width":748,"height":113,"caption":"IFNE Slovakia s.r.o."},"image":{"@id":"https:\/\/www.work-now.eu\/cs\/#\/schema\/logo\/image\/"}}]}},"_links":{"self":[{"href":"https:\/\/www.work-now.eu\/cs\/wp-json\/wp\/v2\/ponuky\/1908","targetHints":{"allow":["GET"]}}],"collection":[{"href":"https:\/\/www.work-now.eu\/cs\/wp-json\/wp\/v2\/ponuky"}],"about":[{"href":"https:\/\/www.work-now.eu\/cs\/wp-json\/wp\/v2\/types\/ponuky"}],"author":[{"embeddable":true,"href":"https:\/\/www.work-now.eu\/cs\/wp-json\/wp\/v2\/users\/1"}],"wp:featuredmedia":[{"embeddable":true,"href":"https:\/\/www.work-now.eu\/cs\/wp-json\/wp\/v2\/media\/1903"}],"wp:attachment":[{"href":"https:\/\/www.work-now.eu\/cs\/wp-json\/wp\/v2\/media?parent=1908"}],"curies":[{"name":"wp","href":"https:\/\/api.w.org\/{rel}","templated":true}]}}

Social Care Worker &#8211; Sociální pracovník v pečovatelském domě IRSKO

<p>Poskytování sociální péče pacientům v pečovatelském domě s diagnózami jako &#8222;Intellectual<br>disabilities, autism, acquired brain injuries, mental health difficulties&#8220;</p>



<p></p>

<p>Poskytování sociální péče pacientům v pečovatelském domě s diagnózami jako &#8222;Intellectualdisabilities, autism, acquired brain injuries, mental health difficulties&#8220;</p>

<!-- This site is optimized with the Yoast SEO plugin v26.1.1 - https://yoast.com/wordpress/plugins/seo/ -->
<title>Social Care Worker - Sociální pracovník v pečovatelském domě IRSKO &#8212; Work now!</title>
<meta name="robots" content="index, follow, max-snippet:-1, max-image-preview:large, max-video-preview:-1" />
<meta property="og:locale" content="cs_CZ" />
<meta property="og:type" content="article" />
<meta property="og:title" content="Social Care Worker - Sociální pracovník v pečovatelském domě IRSKO &#8212; Work now!" />
<meta property="og:description" content="Poskytování sociální péče pacientům v pečovatelském domě s diagnózami jako &#8222;Intellectualdisabilities, autism, acquired brain injuries, mental health difficulties&#8220;" />
<meta property="og:url" content="https://www.work-now.eu/cs/nabidky/care-assistant-opatrovatel-ka-seniorov-v-opatrovatelskom-dome-irsko-5/" />
<meta property="og:site_name" content="Work now!" />
<meta property="article:modified_time" content="2026-03-27T10:05:48+00:00" />
<meta property="og:image" content="https://www.work-now.eu/wp-content/uploads/2022/02/Brookfield.jpg" />
	<meta property="og:image:width" content="275" />
	<meta property="og:image:height" content="183" />
	<meta property="og:image:type" content="image/jpeg" />
<meta name="twitter:card" content="summary_large_image" />
<meta name="twitter:label1" content="Odhadovaná doba čtení" />
	<meta name="twitter:data1" content="1 minuta" />
<script type="application/ld+json" class="yoast-schema-graph">{"@context":"https://schema.org","@graph":[{"@type":"WebPage","@id":"https://www.work-now.eu/cs/nabidky/care-assistant-opatrovatel-ka-seniorov-v-opatrovatelskom-dome-irsko-5/","url":"https://www.work-now.eu/cs/nabidky/care-assistant-opatrovatel-ka-seniorov-v-opatrovatelskom-dome-irsko-5/","name":"Social Care Worker - Sociální pracovník v pečovatelském domě IRSKO &#8212; Work now!","isPartOf":{"@id":"https://www.work-now.eu/cs/#website"},"primaryImageOfPage":{"@id":"https://www.work-now.eu/cs/nabidky/care-assistant-opatrovatel-ka-seniorov-v-opatrovatelskom-dome-irsko-5/#primaryimage"},"image":{"@id":"https://www.work-now.eu/cs/nabidky/care-assistant-opatrovatel-ka-seniorov-v-opatrovatelskom-dome-irsko-5/#primaryimage"},"thumbnailUrl":"https://www.work-now.eu/wp-content/uploads/2022/02/Brookfield.jpg","datePublished":"2026-03-23T08:50:00+00:00","dateModified":"2026-03-27T10:05:48+00:00","breadcrumb":{"@id":"https://www.work-now.eu/cs/nabidky/care-assistant-opatrovatel-ka-seniorov-v-opatrovatelskom-dome-irsko-5/#breadcrumb"},"inLanguage":"cs","potentialAction":[{"@type":"ReadAction","target":["https://www.work-now.eu/cs/nabidky/care-assistant-opatrovatel-ka-seniorov-v-opatrovatelskom-dome-irsko-5/"]}]},{"@type":"ImageObject","inLanguage":"cs","@id":"https://www.work-now.eu/cs/nabidky/care-assistant-opatrovatel-ka-seniorov-v-opatrovatelskom-dome-irsko-5/#primaryimage","url":"https://www.work-now.eu/wp-content/uploads/2022/02/Brookfield.jpg","contentUrl":"https://www.work-now.eu/wp-content/uploads/2022/02/Brookfield.jpg","width":275,"height":183},{"@type":"BreadcrumbList","@id":"https://www.work-now.eu/cs/nabidky/care-assistant-opatrovatel-ka-seniorov-v-opatrovatelskom-dome-irsko-5/#breadcrumb","itemListElement":[{"@type":"ListItem","position":1,"name":"Home","item":"https://www.work-now.eu/cs/"},{"@type":"ListItem","position":2,"name":"Aktuální nabídky","item":"https://www.work-now.eu/cs/nabidky/"},{"@type":"ListItem","position":3,"name":"Social Care Worker &#8211; Sociální pracovník v pečovatelském domě IRSKO"}]},{"@type":"WebSite","@id":"https://www.work-now.eu/cs/#website","url":"https://www.work-now.eu/cs/","name":"Work now!","description":"Employment agency","publisher":{"@id":"https://www.work-now.eu/cs/#organization"},"potentialAction":[{"@type":"SearchAction","target":{"@type":"EntryPoint","urlTemplate":"https://www.work-now.eu/cs/?s={search_term_string}"},"query-input":{"@type":"PropertyValueSpecification","valueRequired":true,"valueName":"search_term_string"}}],"inLanguage":"cs"},{"@type":"Organization","@id":"https://www.work-now.eu/cs/#organization","name":"IFNE Slovakia s.r.o.","url":"https://www.work-now.eu/cs/","logo":{"@type":"ImageObject","inLanguage":"cs","@id":"https://www.work-now.eu/cs/#/schema/logo/image/","url":"https://www.work-now.eu/wp-content/uploads/2018/05/logo.png","contentUrl":"https://www.work-now.eu/wp-content/uploads/2018/05/logo.png","width":748,"height":113,"caption":"IFNE Slovakia s.r.o."},"image":{"@id":"https://www.work-now.eu/cs/#/schema/logo/image/"}}]}</script>
<!-- / Yoast SEO plugin. -->

Social Care Worker - Sociální pracovník v pečovatelském domě IRSKO &#8212; Work now!

Poskytování sociální péče pacientům v pečovatelském domě s diagnózami jako &#8222;Intellectualdisabilities, autism, acquired brain injuries, mental health difficulties&#8220;

Aktuální nabídky
