{"id":636,"date":"2026-03-24T12:41:00","date_gmt":"2026-03-24T10:41:00","guid":{"rendered":"https:\/\/www.work-now.eu\/ponuky\/live-in-carer-personal-assistant-opatrovatel-ka-osobny-asistent-v-domacnosti-pacienta\/"},"modified":"2026-03-27T12:08:57","modified_gmt":"2026-03-27T10:08:57","slug":"live-in-carer-personal-assistant-opatrovatel-ka-osobny-asistent-v-domacnosti-pacienta","status":"publish","type":"ponuky","link":"https:\/\/www.work-now.eu\/hu\/munkalehetosegek\/live-in-carer-personal-assistant-opatrovatel-ka-osobny-asistent-v-domacnosti-pacienta\/","title":{"rendered":"Live in Carer &#8211; \u00e1pol\u00f3\/n\u0151, szem\u00e9lyi asszisztens UK"},"content":{"rendered":"<p>Mindennapi teend\u0151kben val\u00f3 seg\u00edts\u00e9gny\u00fajt\u00e1s az \u00fcgyf\u00e9l otthon\u00e1ban, tiszt\u00e1lkod\u00e1s, \u00f6lt\u00f6zk\u00f6d\u00e9s, \u00e9tkez\u00e9s, egyszer\u0171 h\u00e1zimunk\u00e1k valamint szabadt\u00e9ri s\u00e9t\u00e1l\u00e1s. A gondoz\u00e1s csakis olyan feladatok foglal mag\u00e1ba amelyeket az \u00fcgyf\u00e9l csal\u00e1dja v\u00e9gezne \u00e9s nem tartoziknak bele a n\u0151v\u00e9r \u00e1ltal v\u00e9gzett tev\u00e9kenys\u00e9gek.<\/p>\n","protected":false},"excerpt":{"rendered":"<p>Mindennapi teend\u0151kben val\u00f3 seg\u00edts\u00e9gny\u00fajt\u00e1s az \u00fcgyf\u00e9l otthon\u00e1ban, tiszt\u00e1lkod\u00e1s, \u00f6lt\u00f6zk\u00f6d\u00e9s, \u00e9tkez\u00e9s, egyszer\u0171 h\u00e1zimunk\u00e1k valamint szabadt\u00e9ri s\u00e9t\u00e1l\u00e1s. A gondoz\u00e1s csakis olyan feladatok foglal mag\u00e1ba amelyeket az \u00fcgyf\u00e9l csal\u00e1dja v\u00e9gezne \u00e9s nem tartoziknak bele a n\u0151v\u00e9r \u00e1ltal v\u00e9gzett tev\u00e9kenys\u00e9gek.<\/p>\n","protected":false},"author":4,"featured_media":0,"template":"","class_list":["post-636","ponuky","type-ponuky","status-publish","hentry","necervensie"],"acf":{"wage":"\u00a3560 - \u00a3600 \/ h\u00e9t","locality":"Az Egyes\u00fclt Kir\u00e1lys\u00e1g k\u00fcl\u00f6nb\u00f6z\u0151 r\u00e9szein","latitude":"52.636878","longitude":"-1.139759","contract_type":"Teljes munkaid\u0151, hossz\u00fat\u00e1v\u00fa munkav\u00e1llal\u00e1s, heti 7 nap munka","shifts":"Beoszt\u00e1s 1-2 h\u00f3napos  \/ 1-2 h\u00f3n\u00e1pos szabadid\u0151","accommodation_food":"Ingyen biztos\u00edtva az \u00fcgyf\u00e9ln\u00e9l","benefits":"<ul>\r\n \t<li>a munk\u00e1ltat\u00f3k \u00e1ltal ny\u00fajtott ingyenes k\u00e9pz\u00e9s<\/li>\r\n \t<li>50Eur-ig visszaig\u00e9nyelhet\u0151 t\u00e1mogat\u00e1s a rep\u00fcl\u0151jegyre<\/li>\r\n \t<li>lehets\u00e9ges kereskedelmi munka<\/li>\r\n<\/ul>","start_date":"2026-04-01 00:00:00"},"yoast_head":"<!-- This site is optimized with the Yoast SEO plugin v26.1.1 - https:\/\/yoast.com\/wordpress\/plugins\/seo\/ -->\n<title>Live in Carer - \u00e1pol\u00f3\/n\u0151, szem\u00e9lyi asszisztens UK &#8212; Work now!<\/title>\n<meta name=\"robots\" content=\"index, follow, max-snippet:-1, max-image-preview:large, max-video-preview:-1\" \/>\n<meta property=\"og:locale\" content=\"hu_HU\" \/>\n<meta property=\"og:type\" content=\"article\" \/>\n<meta property=\"og:title\" content=\"Live in Carer - \u00e1pol\u00f3\/n\u0151, szem\u00e9lyi asszisztens UK &#8212; Work now!\" \/>\n<meta property=\"og:description\" content=\"Mindennapi teend\u0151kben val\u00f3 seg\u00edts\u00e9gny\u00fajt\u00e1s az \u00fcgyf\u00e9l otthon\u00e1ban, tiszt\u00e1lkod\u00e1s, \u00f6lt\u00f6zk\u00f6d\u00e9s, \u00e9tkez\u00e9s, egyszer\u0171 h\u00e1zimunk\u00e1k valamint szabadt\u00e9ri s\u00e9t\u00e1l\u00e1s. A gondoz\u00e1s csakis olyan feladatok foglal mag\u00e1ba amelyeket az \u00fcgyf\u00e9l csal\u00e1dja v\u00e9gezne \u00e9s nem tartoziknak bele a n\u0151v\u00e9r \u00e1ltal v\u00e9gzett tev\u00e9kenys\u00e9gek.\" \/>\n<meta property=\"og:url\" content=\"https:\/\/www.work-now.eu\/hu\/munkalehetosegek\/live-in-carer-personal-assistant-opatrovatel-ka-osobny-asistent-v-domacnosti-pacienta\/\" \/>\n<meta property=\"og:site_name\" content=\"Work now!\" \/>\n<meta property=\"article:modified_time\" content=\"2026-03-27T10:08:57+00:00\" \/>\n<meta property=\"og:image\" content=\"https:\/\/www.work-now.eu\/wp-content\/uploads\/2018\/05\/default_facebook_cover.jpg\" \/>\n\t<meta property=\"og:image:width\" content=\"1200\" \/>\n\t<meta property=\"og:image:height\" content=\"628\" \/>\n\t<meta property=\"og:image:type\" content=\"image\/jpeg\" \/>\n<meta name=\"twitter:card\" content=\"summary_large_image\" \/>\n<meta name=\"twitter:label1\" content=\"Becs\u00fclt olvas\u00e1si id\u0151\" \/>\n\t<meta name=\"twitter:data1\" content=\"1 perc\" \/>\n<script type=\"application\/ld+json\" class=\"yoast-schema-graph\">{\"@context\":\"https:\/\/schema.org\",\"@graph\":[{\"@type\":\"WebPage\",\"@id\":\"https:\/\/www.work-now.eu\/hu\/munkalehetosegek\/live-in-carer-personal-assistant-opatrovatel-ka-osobny-asistent-v-domacnosti-pacienta\/\",\"url\":\"https:\/\/www.work-now.eu\/hu\/munkalehetosegek\/live-in-carer-personal-assistant-opatrovatel-ka-osobny-asistent-v-domacnosti-pacienta\/\",\"name\":\"Live in Carer - \u00e1pol\u00f3\/n\u0151, szem\u00e9lyi asszisztens UK &#8212; Work now!\",\"isPartOf\":{\"@id\":\"https:\/\/www.work-now.eu\/hu\/#website\"},\"datePublished\":\"2026-03-24T10:41:00+00:00\",\"dateModified\":\"2026-03-27T10:08:57+00:00\",\"breadcrumb\":{\"@id\":\"https:\/\/www.work-now.eu\/hu\/munkalehetosegek\/live-in-carer-personal-assistant-opatrovatel-ka-osobny-asistent-v-domacnosti-pacienta\/#breadcrumb\"},\"inLanguage\":\"hu\",\"potentialAction\":[{\"@type\":\"ReadAction\",\"target\":[\"https:\/\/www.work-now.eu\/hu\/munkalehetosegek\/live-in-carer-personal-assistant-opatrovatel-ka-osobny-asistent-v-domacnosti-pacienta\/\"]}]},{\"@type\":\"BreadcrumbList\",\"@id\":\"https:\/\/www.work-now.eu\/hu\/munkalehetosegek\/live-in-carer-personal-assistant-opatrovatel-ka-osobny-asistent-v-domacnosti-pacienta\/#breadcrumb\",\"itemListElement\":[{\"@type\":\"ListItem\",\"position\":1,\"name\":\"Home\",\"item\":\"https:\/\/www.work-now.eu\/hu\/\"},{\"@type\":\"ListItem\",\"position\":2,\"name\":\"Aktu\u00e1lis aj\u00e1nlatok\",\"item\":\"https:\/\/www.work-now.eu\/hu\/munkalehetosegek\/\"},{\"@type\":\"ListItem\",\"position\":3,\"name\":\"Live in Carer &#8211; \u00e1pol\u00f3\/n\u0151, szem\u00e9lyi asszisztens UK\"}]},{\"@type\":\"WebSite\",\"@id\":\"https:\/\/www.work-now.eu\/hu\/#website\",\"url\":\"https:\/\/www.work-now.eu\/hu\/\",\"name\":\"Work now!\",\"description\":\"Employment agency\",\"publisher\":{\"@id\":\"https:\/\/www.work-now.eu\/hu\/#organization\"},\"potentialAction\":[{\"@type\":\"SearchAction\",\"target\":{\"@type\":\"EntryPoint\",\"urlTemplate\":\"https:\/\/www.work-now.eu\/hu\/?s={search_term_string}\"},\"query-input\":{\"@type\":\"PropertyValueSpecification\",\"valueRequired\":true,\"valueName\":\"search_term_string\"}}],\"inLanguage\":\"hu\"},{\"@type\":\"Organization\",\"@id\":\"https:\/\/www.work-now.eu\/hu\/#organization\",\"name\":\"IFNE Slovakia s.r.o.\",\"url\":\"https:\/\/www.work-now.eu\/hu\/\",\"logo\":{\"@type\":\"ImageObject\",\"inLanguage\":\"hu\",\"@id\":\"https:\/\/www.work-now.eu\/hu\/#\/schema\/logo\/image\/\",\"url\":\"https:\/\/www.work-now.eu\/wp-content\/uploads\/2018\/05\/logo.png\",\"contentUrl\":\"https:\/\/www.work-now.eu\/wp-content\/uploads\/2018\/05\/logo.png\",\"width\":748,\"height\":113,\"caption\":\"IFNE Slovakia s.r.o.\"},\"image\":{\"@id\":\"https:\/\/www.work-now.eu\/hu\/#\/schema\/logo\/image\/\"}}]}<\/script>\n<!-- \/ Yoast SEO plugin. -->","yoast_head_json":{"title":"Live in Carer - \u00e1pol\u00f3\/n\u0151, szem\u00e9lyi asszisztens UK &#8212; Work now!","robots":{"index":"index","follow":"follow","max-snippet":"max-snippet:-1","max-image-preview":"max-image-preview:large","max-video-preview":"max-video-preview:-1"},"og_locale":"hu_HU","og_type":"article","og_title":"Live in Carer - \u00e1pol\u00f3\/n\u0151, szem\u00e9lyi asszisztens UK &#8212; Work now!","og_description":"Mindennapi teend\u0151kben val\u00f3 seg\u00edts\u00e9gny\u00fajt\u00e1s az \u00fcgyf\u00e9l otthon\u00e1ban, tiszt\u00e1lkod\u00e1s, \u00f6lt\u00f6zk\u00f6d\u00e9s, \u00e9tkez\u00e9s, egyszer\u0171 h\u00e1zimunk\u00e1k valamint szabadt\u00e9ri s\u00e9t\u00e1l\u00e1s. A gondoz\u00e1s csakis olyan feladatok foglal mag\u00e1ba amelyeket az \u00fcgyf\u00e9l csal\u00e1dja v\u00e9gezne \u00e9s nem tartoziknak bele a n\u0151v\u00e9r \u00e1ltal v\u00e9gzett tev\u00e9kenys\u00e9gek.","og_url":"https:\/\/www.work-now.eu\/hu\/munkalehetosegek\/live-in-carer-personal-assistant-opatrovatel-ka-osobny-asistent-v-domacnosti-pacienta\/","og_site_name":"Work now!","article_modified_time":"2026-03-27T10:08:57+00:00","og_image":[{"width":1200,"height":628,"url":"https:\/\/www.work-now.eu\/wp-content\/uploads\/2018\/05\/default_facebook_cover.jpg","type":"image\/jpeg"}],"twitter_card":"summary_large_image","twitter_misc":{"Becs\u00fclt olvas\u00e1si id\u0151":"1 perc"},"schema":{"@context":"https:\/\/schema.org","@graph":[{"@type":"WebPage","@id":"https:\/\/www.work-now.eu\/hu\/munkalehetosegek\/live-in-carer-personal-assistant-opatrovatel-ka-osobny-asistent-v-domacnosti-pacienta\/","url":"https:\/\/www.work-now.eu\/hu\/munkalehetosegek\/live-in-carer-personal-assistant-opatrovatel-ka-osobny-asistent-v-domacnosti-pacienta\/","name":"Live in Carer - \u00e1pol\u00f3\/n\u0151, szem\u00e9lyi asszisztens UK &#8212; Work now!","isPartOf":{"@id":"https:\/\/www.work-now.eu\/hu\/#website"},"datePublished":"2026-03-24T10:41:00+00:00","dateModified":"2026-03-27T10:08:57+00:00","breadcrumb":{"@id":"https:\/\/www.work-now.eu\/hu\/munkalehetosegek\/live-in-carer-personal-assistant-opatrovatel-ka-osobny-asistent-v-domacnosti-pacienta\/#breadcrumb"},"inLanguage":"hu","potentialAction":[{"@type":"ReadAction","target":["https:\/\/www.work-now.eu\/hu\/munkalehetosegek\/live-in-carer-personal-assistant-opatrovatel-ka-osobny-asistent-v-domacnosti-pacienta\/"]}]},{"@type":"BreadcrumbList","@id":"https:\/\/www.work-now.eu\/hu\/munkalehetosegek\/live-in-carer-personal-assistant-opatrovatel-ka-osobny-asistent-v-domacnosti-pacienta\/#breadcrumb","itemListElement":[{"@type":"ListItem","position":1,"name":"Home","item":"https:\/\/www.work-now.eu\/hu\/"},{"@type":"ListItem","position":2,"name":"Aktu\u00e1lis aj\u00e1nlatok","item":"https:\/\/www.work-now.eu\/hu\/munkalehetosegek\/"},{"@type":"ListItem","position":3,"name":"Live in Carer &#8211; \u00e1pol\u00f3\/n\u0151, szem\u00e9lyi asszisztens UK"}]},{"@type":"WebSite","@id":"https:\/\/www.work-now.eu\/hu\/#website","url":"https:\/\/www.work-now.eu\/hu\/","name":"Work now!","description":"Employment agency","publisher":{"@id":"https:\/\/www.work-now.eu\/hu\/#organization"},"potentialAction":[{"@type":"SearchAction","target":{"@type":"EntryPoint","urlTemplate":"https:\/\/www.work-now.eu\/hu\/?s={search_term_string}"},"query-input":{"@type":"PropertyValueSpecification","valueRequired":true,"valueName":"search_term_string"}}],"inLanguage":"hu"},{"@type":"Organization","@id":"https:\/\/www.work-now.eu\/hu\/#organization","name":"IFNE Slovakia s.r.o.","url":"https:\/\/www.work-now.eu\/hu\/","logo":{"@type":"ImageObject","inLanguage":"hu","@id":"https:\/\/www.work-now.eu\/hu\/#\/schema\/logo\/image\/","url":"https:\/\/www.work-now.eu\/wp-content\/uploads\/2018\/05\/logo.png","contentUrl":"https:\/\/www.work-now.eu\/wp-content\/uploads\/2018\/05\/logo.png","width":748,"height":113,"caption":"IFNE Slovakia s.r.o."},"image":{"@id":"https:\/\/www.work-now.eu\/hu\/#\/schema\/logo\/image\/"}}]}},"_links":{"self":[{"href":"https:\/\/www.work-now.eu\/hu\/wp-json\/wp\/v2\/ponuky\/636","targetHints":{"allow":["GET"]}}],"collection":[{"href":"https:\/\/www.work-now.eu\/hu\/wp-json\/wp\/v2\/ponuky"}],"about":[{"href":"https:\/\/www.work-now.eu\/hu\/wp-json\/wp\/v2\/types\/ponuky"}],"author":[{"embeddable":true,"href":"https:\/\/www.work-now.eu\/hu\/wp-json\/wp\/v2\/users\/4"}],"wp:attachment":[{"href":"https:\/\/www.work-now.eu\/hu\/wp-json\/wp\/v2\/media?parent=636"}],"curies":[{"name":"wp","href":"https:\/\/api.w.org\/{rel}","templated":true}]}}

Live in Carer &#8211; ápoló/nő, személyi asszisztens UK

<p>Mindennapi teendőkben való segítségnyújtás az ügyfél otthonában, tisztálkodás, öltözködés, étkezés, egyszerű házimunkák valamint szabadtéri sétálás. A gondozás csakis olyan feladatok foglal magába amelyeket az ügyfél családja végezne és nem tartoziknak bele a nővér által végzett tevékenységek.</p>

£560 - £600 / hét

Az Egyesült Királyság különböző részein

Teljes munkaidő, hosszútávú munkavállalás, heti 7 nap munka

Beosztás 1-2 hónapos  / 1-2 hónápos szabadidő

Ingyen biztosítva az ügyfélnél

<ul>
 	<li>a munkáltatók által nyújtott ingyenes képzés</li>
 	<li>50Eur-ig visszaigényelhető támogatás a repülőjegyre</li>
 	<li>lehetséges kereskedelmi munka</li>
</ul>

<!-- This site is optimized with the Yoast SEO plugin v26.1.1 - https://yoast.com/wordpress/plugins/seo/ -->
<title>Live in Carer - ápoló/nő, személyi asszisztens UK &#8212; Work now!</title>
<meta name="robots" content="index, follow, max-snippet:-1, max-image-preview:large, max-video-preview:-1" />
<meta property="og:locale" content="hu_HU" />
<meta property="og:type" content="article" />
<meta property="og:title" content="Live in Carer - ápoló/nő, személyi asszisztens UK &#8212; Work now!" />
<meta property="og:description" content="Mindennapi teendőkben való segítségnyújtás az ügyfél otthonában, tisztálkodás, öltözködés, étkezés, egyszerű házimunkák valamint szabadtéri sétálás. A gondozás csakis olyan feladatok foglal magába amelyeket az ügyfél családja végezne és nem tartoziknak bele a nővér által végzett tevékenységek." />
<meta property="og:url" content="https://www.work-now.eu/hu/munkalehetosegek/live-in-carer-personal-assistant-opatrovatel-ka-osobny-asistent-v-domacnosti-pacienta/" />
<meta property="og:site_name" content="Work now!" />
<meta property="article:modified_time" content="2026-03-27T10:08:57+00:00" />
<meta property="og:image" content="https://www.work-now.eu/wp-content/uploads/2018/05/default_facebook_cover.jpg" />
	<meta property="og:image:width" content="1200" />
	<meta property="og:image:height" content="628" />
	<meta property="og:image:type" content="image/jpeg" />
<meta name="twitter:card" content="summary_large_image" />
<meta name="twitter:label1" content="Becsült olvasási idő" />
	<meta name="twitter:data1" content="1 perc" />
<script type="application/ld+json" class="yoast-schema-graph">{"@context":"https://schema.org","@graph":[{"@type":"WebPage","@id":"https://www.work-now.eu/hu/munkalehetosegek/live-in-carer-personal-assistant-opatrovatel-ka-osobny-asistent-v-domacnosti-pacienta/","url":"https://www.work-now.eu/hu/munkalehetosegek/live-in-carer-personal-assistant-opatrovatel-ka-osobny-asistent-v-domacnosti-pacienta/","name":"Live in Carer - ápoló/nő, személyi asszisztens UK &#8212; Work now!","isPartOf":{"@id":"https://www.work-now.eu/hu/#website"},"datePublished":"2026-03-24T10:41:00+00:00","dateModified":"2026-03-27T10:08:57+00:00","breadcrumb":{"@id":"https://www.work-now.eu/hu/munkalehetosegek/live-in-carer-personal-assistant-opatrovatel-ka-osobny-asistent-v-domacnosti-pacienta/#breadcrumb"},"inLanguage":"hu","potentialAction":[{"@type":"ReadAction","target":["https://www.work-now.eu/hu/munkalehetosegek/live-in-carer-personal-assistant-opatrovatel-ka-osobny-asistent-v-domacnosti-pacienta/"]}]},{"@type":"BreadcrumbList","@id":"https://www.work-now.eu/hu/munkalehetosegek/live-in-carer-personal-assistant-opatrovatel-ka-osobny-asistent-v-domacnosti-pacienta/#breadcrumb","itemListElement":[{"@type":"ListItem","position":1,"name":"Home","item":"https://www.work-now.eu/hu/"},{"@type":"ListItem","position":2,"name":"Aktuális ajánlatok","item":"https://www.work-now.eu/hu/munkalehetosegek/"},{"@type":"ListItem","position":3,"name":"Live in Carer &#8211; ápoló/nő, személyi asszisztens UK"}]},{"@type":"WebSite","@id":"https://www.work-now.eu/hu/#website","url":"https://www.work-now.eu/hu/","name":"Work now!","description":"Employment agency","publisher":{"@id":"https://www.work-now.eu/hu/#organization"},"potentialAction":[{"@type":"SearchAction","target":{"@type":"EntryPoint","urlTemplate":"https://www.work-now.eu/hu/?s={search_term_string}"},"query-input":{"@type":"PropertyValueSpecification","valueRequired":true,"valueName":"search_term_string"}}],"inLanguage":"hu"},{"@type":"Organization","@id":"https://www.work-now.eu/hu/#organization","name":"IFNE Slovakia s.r.o.","url":"https://www.work-now.eu/hu/","logo":{"@type":"ImageObject","inLanguage":"hu","@id":"https://www.work-now.eu/hu/#/schema/logo/image/","url":"https://www.work-now.eu/wp-content/uploads/2018/05/logo.png","contentUrl":"https://www.work-now.eu/wp-content/uploads/2018/05/logo.png","width":748,"height":113,"caption":"IFNE Slovakia s.r.o."},"image":{"@id":"https://www.work-now.eu/hu/#/schema/logo/image/"}}]}</script>
<!-- / Yoast SEO plugin. -->

Live in Carer - ápoló/nő, személyi asszisztens UK &#8212; Work now!

Mindennapi teendőkben való segítségnyújtás az ügyfél otthonában, tisztálkodás, öltözködés, étkezés, egyszerű házimunkák valamint szabadtéri sétálás. A gondozás csakis olyan feladatok foglal magába amelyeket az ügyfél családja végezne és nem tartoziknak bele a nővér által végzett tevékenységek.

Aktuális ajánlatok
